{"id":53,"date":"2021-10-22T12:54:56","date_gmt":"2021-10-22T10:54:56","guid":{"rendered":"https:\/\/praxis-sanavida.ch\/?page_id=53"},"modified":"2022-08-22T07:18:26","modified_gmt":"2022-08-22T05:18:26","slug":"home","status":"publish","type":"page","link":"https:\/\/praxis-sanavida.ch\/es\/","title":{"rendered":"Inicio"},"content":{"rendered":"\t\t<div data-elementor-type=\"wp-page\" data-elementor-id=\"53\" class=\"elementor elementor-53\" data-elementor-post-type=\"page\">\n\t\t\t\t\t\t<section class=\"elementor-section elementor-top-section elementor-element elementor-element-044a870 elementor-section-full_width elementor-section-items-stretch elementor-section-height-min-height elementor-section-height-default elementor-invisible\" data-id=\"044a870\" data-element_type=\"section\" data-e-type=\"section\" data-settings=\"{&quot;background_background&quot;:&quot;video&quot;,&quot;animation&quot;:&quot;fadeIn&quot;,&quot;background_video_link&quot;:&quot;https:\\\/\\\/praxis-sanavida.ch\\\/wp-content\\\/uploads\\\/2021\\\/11\\\/211109-1604-Sonnenaufgang-ueber-Nebeltal.mp4&quot;,&quot;background_play_on_mobile&quot;:&quot;yes&quot;}\">\n\t\t\t\t\t\t\t\t<div class=\"elementor-background-video-container\">\n\t\t\t\t\t\t\t\t\t\t\t\t\t<video class=\"elementor-background-video-hosted\" role=\"presentation\" autoplay muted playsinline loop><\/video>\n\t\t\t\t\t\t\t\t\t\t\t<\/div>\n\t\t\t\t\t\t\t\t<div class=\"elementor-container elementor-column-gap-default\">\n\t\t\t\t\t<div class=\"elementor-column elementor-col-100 elementor-top-column elementor-element elementor-element-bd821dc\" data-id=\"bd821dc\" data-element_type=\"column\" data-e-type=\"column\">\n\t\t\t<div class=\"elementor-widget-wrap elementor-element-populated\">\n\t\t\t\t\t\t<div class=\"elementor-element elementor-element-31c1826 animated-slow elementor-invisible elementor-widget elementor-widget-heading\" data-id=\"31c1826\" data-element_type=\"widget\" data-e-type=\"widget\" data-settings=\"{&quot;motion_fx_motion_fx_scrolling&quot;:&quot;yes&quot;,&quot;motion_fx_translateY_effect&quot;:&quot;yes&quot;,&quot;motion_fx_translateY_speed&quot;:{&quot;unit&quot;:&quot;px&quot;,&quot;size&quot;:0.5,&quot;sizes&quot;:[]},&quot;_animation&quot;:&quot;fadeInUp&quot;,&quot;motion_fx_translateY_affectedRange&quot;:{&quot;unit&quot;:&quot;%&quot;,&quot;size&quot;:&quot;&quot;,&quot;sizes&quot;:{&quot;start&quot;:0,&quot;end&quot;:100}},&quot;motion_fx_devices&quot;:[&quot;desktop&quot;,&quot;tablet&quot;,&quot;mobile&quot;]}\" data-widget_type=\"heading.default\">\n\t\t\t\t<div class=\"elementor-widget-container\">\n\t\t\t\t\t<h1 class=\"elementor-heading-title elementor-size-default\">Kommunikations- <br>und Beziehungs&shy;begleitung<\/h1>\t\t\t\t<\/div>\n\t\t\t\t<\/div>\n\t\t\t\t\t<\/div>\n\t\t<\/div>\n\t\t\t\t\t<\/div>\n\t\t<\/section>\n\t\t\t\t<section class=\"elementor-section elementor-top-section elementor-element elementor-element-f330d18 elementor-section-full_width elementor-section-height-min-height elementor-section-items-stretch elementor-section-height-default\" data-id=\"f330d18\" data-element_type=\"section\" data-e-type=\"section\">\n\t\t\t\t\t\t\t<div class=\"elementor-background-overlay\"><\/div>\n\t\t\t\t\t\t\t<div class=\"elementor-container elementor-column-gap-default\">\n\t\t\t\t\t<div class=\"make-column-clickable-elementor elementor-column elementor-col-25 elementor-top-column elementor-element elementor-element-bf3407e hoverspalte elementor-invisible\" style=\"cursor: pointer;\" data-column-clickable=\"https:\/\/praxis-sanavida.ch\/angebot\/chronische-krankheit-und-familie\/\" data-column-clickable-blank=\"_self\" data-id=\"bf3407e\" data-element_type=\"column\" data-e-type=\"column\" data-settings=\"{&quot;background_background&quot;:&quot;classic&quot;,&quot;animation&quot;:&quot;fadeInDown&quot;}\">\n\t\t\t<div class=\"elementor-widget-wrap elementor-element-populated\">\n\t\t\t\t\t\t<div class=\"elementor-element elementor-element-26224a2 elementor-widget elementor-widget-heading\" data-id=\"26224a2\" data-element_type=\"widget\" data-e-type=\"widget\" data-widget_type=\"heading.default\">\n\t\t\t\t<div class=\"elementor-widget-container\">\n\t\t\t\t\t<h2 class=\"elementor-heading-title elementor-size-default\"><a href=\"https:\/\/praxis-sanavida.ch\/angebot\/chronische-krankheit-und-familie\/\">Chronische Krankheit und Familie<\/a><\/h2>\t\t\t\t<\/div>\n\t\t\t\t<\/div>\n\t\t\t\t<div class=\"elementor-element elementor-element-5b60c62 fadein_box elementor-widget elementor-widget-text-editor\" data-id=\"5b60c62\" data-element_type=\"widget\" data-e-type=\"widget\" data-widget_type=\"text-editor.default\">\n\t\t\t\t<div class=\"elementor-widget-container\">\n\t\t\t\t\t\t\t\t\t<p>Systemische Beratung und Begleitung f\u00fcr Geschwister und Eltern mit einem chronisch erkrankten Kind. Unabh\u00e4ngig vom Krankheitsbild unterst\u00fctze ich Sie und Ihre Kinder in dieser besonderen Belastungssituation und begleite Sie im anspruchsvollen Prozess f\u00fcr die Neuorientierung und Anpassungsleistung im famili\u00e4ren Alltag.<\/p><p><strong><a title=\"Chronische Krankheit und Familie\" href=\"https:\/\/praxis-sanavida.ch\/chronische-krankheit-und-familie\/\">weiterlesen<\/a><\/strong><\/p>\t\t\t\t\t\t\t\t<\/div>\n\t\t\t\t<\/div>\n\t\t\t\t\t<\/div>\n\t\t<\/div>\n\t\t\t\t<div class=\"make-column-clickable-elementor elementor-column elementor-col-25 elementor-top-column elementor-element elementor-element-1799aeb hoverspalte elementor-invisible\" style=\"cursor: pointer;\" data-column-clickable=\"https:\/\/praxis-sanavida.ch\/angebot\/einmal-eltern-immer-eltern\/\" data-column-clickable-blank=\"_self\" data-id=\"1799aeb\" data-element_type=\"column\" data-e-type=\"column\" data-settings=\"{&quot;background_background&quot;:&quot;classic&quot;,&quot;animation&quot;:&quot;fadeInDown&quot;,&quot;animation_delay&quot;:200}\">\n\t\t\t<div class=\"elementor-widget-wrap elementor-element-populated\">\n\t\t\t\t\t\t<div class=\"elementor-element elementor-element-eccfad7 elementor-widget elementor-widget-heading\" data-id=\"eccfad7\" data-element_type=\"widget\" data-e-type=\"widget\" data-widget_type=\"heading.default\">\n\t\t\t\t<div class=\"elementor-widget-container\">\n\t\t\t\t\t<h2 class=\"elementor-heading-title elementor-size-default\"><a href=\"https:\/\/praxis-sanavida.ch\/angebot\/einmal-eltern-immer-eltern\/\">Einmal Eltern - immer Eltern<\/a><\/h2>\t\t\t\t<\/div>\n\t\t\t\t<\/div>\n\t\t\t\t<div class=\"elementor-element elementor-element-807c9a9 fadein_box elementor-widget elementor-widget-text-editor\" data-id=\"807c9a9\" data-element_type=\"widget\" data-e-type=\"widget\" data-widget_type=\"text-editor.default\">\n\t\t\t\t<div class=\"elementor-widget-container\">\n\t\t\t\t\t\t\t\t\t<p>Die Bew\u00e4ltigung der Trennung erfordert eine Entwicklung aller Involvierten und stellt f\u00fcr jedes Familienmitglied einen \u00dcbergang dar. In diesem m\u00f6chte ich Sie sowie Ihr(e) Kind(er) unterst\u00fctzen, damit sich Familie, wenn auch in getrennten Haushalten, wieder als Familie anf\u00fchlen und in neuer Form erleben l\u00e4sst.<\/p><p><strong><a title=\"Einmal Eltern - immer Eltern\" href=\"https:\/\/praxis-sanavida.ch\/angebot\/einmal-eltern-immer-eltern\/\">weiterlesen<\/a><\/strong><\/p>\t\t\t\t\t\t\t\t<\/div>\n\t\t\t\t<\/div>\n\t\t\t\t\t<\/div>\n\t\t<\/div>\n\t\t\t\t<div class=\"make-column-clickable-elementor elementor-column elementor-col-25 elementor-top-column elementor-element elementor-element-3c3e312 hoverspalte elementor-invisible\" style=\"cursor: pointer;\" data-column-clickable=\"https:\/\/praxis-sanavida.ch\/angebot\/innere-persoenlichkeitsanteile-ifs-internal-family-system\/\" data-column-clickable-blank=\"_self\" data-id=\"3c3e312\" data-element_type=\"column\" data-e-type=\"column\" data-settings=\"{&quot;background_background&quot;:&quot;classic&quot;,&quot;animation&quot;:&quot;fadeInDown&quot;}\">\n\t\t\t<div class=\"elementor-widget-wrap elementor-element-populated\">\n\t\t\t\t\t\t<div class=\"elementor-element elementor-element-a2b1a95 elementor-widget elementor-widget-heading\" data-id=\"a2b1a95\" data-element_type=\"widget\" data-e-type=\"widget\" data-widget_type=\"heading.default\">\n\t\t\t\t<div class=\"elementor-widget-container\">\n\t\t\t\t\t<h2 class=\"elementor-heading-title elementor-size-default\"><a href=\"https:\/\/praxis-sanavida.ch\/angebot\/innere-persoenlichkeitsanteile-ifs-internal-family-system\/\">IFS (Internal Family System) - Arbeit mit Pers\u00f6nlichkeitsanteilen<\/a><\/h2>\t\t\t\t<\/div>\n\t\t\t\t<\/div>\n\t\t\t\t<div class=\"elementor-element elementor-element-7cfd5ec fadein_box elementor-widget elementor-widget-text-editor\" data-id=\"7cfd5ec\" data-element_type=\"widget\" data-e-type=\"widget\" data-widget_type=\"text-editor.default\">\n\t\t\t\t<div class=\"elementor-widget-container\">\n\t\t\t\t\t\t\t\t\t<p>Durch diese Methode finden sich Antworten auf Fragen wie die, was Menschen hilft, anders mit sich (und anderen) umzugehen und das eigene Wohlbefinden zu f\u00f6rdern und st\u00e4rken. Gerne begleite ich Sie durch Ihre ganz eigene Entdeckungsreise ins Innere und helfe belastende Denk- und Verhaltensweisen (an-) zu erkennen und zu ver\u00e4ndern.<\/p><p><strong><a title=\"IFS Arbeit mit Pers\u00f6nlichkeitsanteilen (IFS = Internal Family System)\" href=\"https:\/\/praxis-sanavida.ch\/angebot\/innere-persoenlichkeitsanteile-ifs-internal-family-system\/\">weiterlesen<\/a><\/strong><\/p>\t\t\t\t\t\t\t\t<\/div>\n\t\t\t\t<\/div>\n\t\t\t\t\t<\/div>\n\t\t<\/div>\n\t\t\t\t<div class=\"make-column-clickable-elementor elementor-column elementor-col-25 elementor-top-column elementor-element elementor-element-2d26ce0 hoverspalte elementor-invisible\" style=\"cursor: pointer;\" data-column-clickable=\"https:\/\/praxis-sanavida.ch\/angebot\/ent-spannungsfeld-familie-schule\/\" data-column-clickable-blank=\"_self\" data-id=\"2d26ce0\" data-element_type=\"column\" data-e-type=\"column\" data-settings=\"{&quot;background_background&quot;:&quot;classic&quot;,&quot;animation&quot;:&quot;fadeInDown&quot;,&quot;animation_delay&quot;:200}\">\n\t\t\t<div class=\"elementor-widget-wrap elementor-element-populated\">\n\t\t\t\t\t\t<div class=\"elementor-element elementor-element-6d4f406 elementor-widget elementor-widget-heading\" data-id=\"6d4f406\" data-element_type=\"widget\" data-e-type=\"widget\" data-widget_type=\"heading.default\">\n\t\t\t\t<div class=\"elementor-widget-container\">\n\t\t\t\t\t<h2 class=\"elementor-heading-title elementor-size-default\"><a href=\"https:\/\/praxis-sanavida.ch\/angebot\/ent-spannungsfeld-familie-schule\/\">(Ent-) Spannungsfeld Familie- Schule<\/a><\/h2>\t\t\t\t<\/div>\n\t\t\t\t<\/div>\n\t\t\t\t<div class=\"elementor-element elementor-element-1848c00 fadein_box elementor-widget elementor-widget-text-editor\" data-id=\"1848c00\" data-element_type=\"widget\" data-e-type=\"widget\" data-widget_type=\"text-editor.default\">\n\t\t\t\t<div class=\"elementor-widget-container\">\n\t\t\t\t\t\t\t\t\t<ul><li>Mobiles Case Management Schulangst\/Schulverweigerung<br \/><br \/><\/li><li>Wenn die Seele Bauchweh hat &#8211; Kinder mit psychosomatischen Anzeichen &amp; Schule<br \/><br \/><\/li><li>Stress- lass nach! Kinder zwischen Anspannung &amp; Entspannung<br \/><br \/><\/li><\/ul><p><strong><a title=\"IFS Arbeit mit Pers\u00f6nlichkeitsanteilen (IFS = Internal Family System)\" href=\"https:\/\/praxis-sanavida.ch\/angebot\/ent-spannungsfeld-familie-schule\/\">weiterlesen<\/a><\/strong><\/p>\t\t\t\t\t\t\t\t<\/div>\n\t\t\t\t<\/div>\n\t\t\t\t\t<\/div>\n\t\t<\/div>\n\t\t\t\t\t<\/div>\n\t\t<\/section>\n\t\t\t\t<\/div>\n\t\t","protected":false},"excerpt":{"rendered":"<p>Kommunikations- und Beziehungs&shy;begleitung Chronische Krankheit und Familie Systemische Beratung und Begleitung f\u00fcr Geschwister und Eltern mit einem chronisch erkrankten Kind. Unabh\u00e4ngig vom Krankheitsbild unterst\u00fctze ich Sie und Ihre Kinder in dieser besonderen Belastungssituation und begleite Sie im anspruchsvollen Prozess f\u00fcr die Neuorientierung und Anpassungsleistung im famili\u00e4ren Alltag. weiterlesen Einmal Eltern &#8211; immer Eltern Die Bew\u00e4ltigung [&hellip;]<\/p>\n","protected":false},"author":1,"featured_media":0,"parent":0,"menu_order":0,"comment_status":"closed","ping_status":"closed","template":"","meta":{"inline_featured_image":false,"footnotes":""},"class_list":["post-53","page","type-page","status-publish","hentry"],"_links":{"self":[{"href":"https:\/\/praxis-sanavida.ch\/es\/wp-json\/wp\/v2\/pages\/53","targetHints":{"allow":["GET"]}}],"collection":[{"href":"https:\/\/praxis-sanavida.ch\/es\/wp-json\/wp\/v2\/pages"}],"about":[{"href":"https:\/\/praxis-sanavida.ch\/es\/wp-json\/wp\/v2\/types\/page"}],"author":[{"embeddable":true,"href":"https:\/\/praxis-sanavida.ch\/es\/wp-json\/wp\/v2\/users\/1"}],"replies":[{"embeddable":true,"href":"https:\/\/praxis-sanavida.ch\/es\/wp-json\/wp\/v2\/comments?post=53"}],"version-history":[{"count":49,"href":"https:\/\/praxis-sanavida.ch\/es\/wp-json\/wp\/v2\/pages\/53\/revisions"}],"predecessor-version":[{"id":1763,"href":"https:\/\/praxis-sanavida.ch\/es\/wp-json\/wp\/v2\/pages\/53\/revisions\/1763"}],"wp:attachment":[{"href":"https:\/\/praxis-sanavida.ch\/es\/wp-json\/wp\/v2\/media?parent=53"}],"curies":[{"name":"wp","href":"https:\/\/api.w.org\/{rel}","templated":true}]}}

<div data-elementor-type="wp-page" data-elementor-id="53" class="elementor elementor-53" data-elementor-post-type="page">
						<section class="elementor-section elementor-top-section elementor-element elementor-element-044a870 elementor-section-full_width elementor-section-items-stretch elementor-section-height-min-height elementor-section-height-default elementor-invisible" data-id="044a870" data-element_type="section" data-e-type="section" data-settings="{&quot;background_background&quot;:&quot;video&quot;,&quot;animation&quot;:&quot;fadeIn&quot;,&quot;background_video_link&quot;:&quot;https:\/\/praxis-sanavida.ch\/wp-content\/uploads\/2021\/11\/211109-1604-Sonnenaufgang-ueber-Nebeltal.mp4&quot;,&quot;background_play_on_mobile&quot;:&quot;yes&quot;}">
								<div class="elementor-background-video-container">
													<video class="elementor-background-video-hosted" role="presentation" autoplay muted playsinline loop></video>
											</div>
								<div class="elementor-container elementor-column-gap-default">
					<div class="elementor-column elementor-col-100 elementor-top-column elementor-element elementor-element-bd821dc" data-id="bd821dc" data-element_type="column" data-e-type="column">
			<div class="elementor-widget-wrap elementor-element-populated">
						<div class="elementor-element elementor-element-31c1826 animated-slow elementor-invisible elementor-widget elementor-widget-heading" data-id="31c1826" data-element_type="widget" data-e-type="widget" data-settings="{&quot;motion_fx_motion_fx_scrolling&quot;:&quot;yes&quot;,&quot;motion_fx_translateY_effect&quot;:&quot;yes&quot;,&quot;motion_fx_translateY_speed&quot;:{&quot;unit&quot;:&quot;px&quot;,&quot;size&quot;:0.5,&quot;sizes&quot;:[]},&quot;_animation&quot;:&quot;fadeInUp&quot;,&quot;motion_fx_translateY_affectedRange&quot;:{&quot;unit&quot;:&quot;%&quot;,&quot;size&quot;:&quot;&quot;,&quot;sizes&quot;:{&quot;start&quot;:0,&quot;end&quot;:100}},&quot;motion_fx_devices&quot;:[&quot;desktop&quot;,&quot;tablet&quot;,&quot;mobile&quot;]}" data-widget_type="heading.default">
				<div class="elementor-widget-container">
					<h1 class="elementor-heading-title elementor-size-default">Kommunikations- <br>und Beziehungs&shy;begleitung</h1>				</div>
				</div>
					</div>
		</div>
					</div>
		</section>
				<section class="elementor-section elementor-top-section elementor-element elementor-element-f330d18 elementor-section-full_width elementor-section-height-min-height elementor-section-items-stretch elementor-section-height-default" data-id="f330d18" data-element_type="section" data-e-type="section">
							<div class="elementor-background-overlay"></div>
							<div class="elementor-container elementor-column-gap-default">
					<div class="make-column-clickable-elementor elementor-column elementor-col-25 elementor-top-column elementor-element elementor-element-bf3407e hoverspalte elementor-invisible" style="cursor: pointer;" data-column-clickable="https://praxis-sanavida.ch/angebot/chronische-krankheit-und-familie/" data-column-clickable-blank="_self" data-id="bf3407e" data-element_type="column" data-e-type="column" data-settings="{&quot;background_background&quot;:&quot;classic&quot;,&quot;animation&quot;:&quot;fadeInDown&quot;}">
			<div class="elementor-widget-wrap elementor-element-populated">
						<div class="elementor-element elementor-element-26224a2 elementor-widget elementor-widget-heading" data-id="26224a2" data-element_type="widget" data-e-type="widget" data-widget_type="heading.default">
				<div class="elementor-widget-container">
					<h2 class="elementor-heading-title elementor-size-default"><a href="https://praxis-sanavida.ch/angebot/chronische-krankheit-und-familie/">Chronische Krankheit und Familie</a></h2>				</div>
				</div>
				<div class="elementor-element elementor-element-5b60c62 fadein_box elementor-widget elementor-widget-text-editor" data-id="5b60c62" data-element_type="widget" data-e-type="widget" data-widget_type="text-editor.default">
				<div class="elementor-widget-container">
									<p>Systemische Beratung und Begleitung für Geschwister und Eltern mit einem chronisch erkrankten Kind. Unabhängig vom Krankheitsbild unterstütze ich Sie und Ihre Kinder in dieser besonderen Belastungssituation und begleite Sie im anspruchsvollen Prozess für die Neuorientierung und Anpassungsleistung im familiären Alltag.</p><p><strong><a title="Chronische Krankheit und Familie" href="https://praxis-sanavida.ch/chronische-krankheit-und-familie/">weiterlesen</a></strong></p>								</div>
				</div>
					</div>
		</div>
				<div class="make-column-clickable-elementor elementor-column elementor-col-25 elementor-top-column elementor-element elementor-element-1799aeb hoverspalte elementor-invisible" style="cursor: pointer;" data-column-clickable="https://praxis-sanavida.ch/angebot/einmal-eltern-immer-eltern/" data-column-clickable-blank="_self" data-id="1799aeb" data-element_type="column" data-e-type="column" data-settings="{&quot;background_background&quot;:&quot;classic&quot;,&quot;animation&quot;:&quot;fadeInDown&quot;,&quot;animation_delay&quot;:200}">
			<div class="elementor-widget-wrap elementor-element-populated">
						<div class="elementor-element elementor-element-eccfad7 elementor-widget elementor-widget-heading" data-id="eccfad7" data-element_type="widget" data-e-type="widget" data-widget_type="heading.default">
				<div class="elementor-widget-container">
					<h2 class="elementor-heading-title elementor-size-default"><a href="https://praxis-sanavida.ch/angebot/einmal-eltern-immer-eltern/">Einmal Eltern - immer Eltern</a></h2>				</div>
				</div>
				<div class="elementor-element elementor-element-807c9a9 fadein_box elementor-widget elementor-widget-text-editor" data-id="807c9a9" data-element_type="widget" data-e-type="widget" data-widget_type="text-editor.default">
				<div class="elementor-widget-container">
									<p>Die Bewältigung der Trennung erfordert eine Entwicklung aller Involvierten und stellt für jedes Familienmitglied einen Übergang dar. In diesem möchte ich Sie sowie Ihr(e) Kind(er) unterstützen, damit sich Familie, wenn auch in getrennten Haushalten, wieder als Familie anfühlen und in neuer Form erleben lässt.</p><p><strong><a title="Einmal Eltern - immer Eltern" href="https://praxis-sanavida.ch/angebot/einmal-eltern-immer-eltern/">weiterlesen</a></strong></p>								</div>
				</div>
					</div>
		</div>
				<div class="make-column-clickable-elementor elementor-column elementor-col-25 elementor-top-column elementor-element elementor-element-3c3e312 hoverspalte elementor-invisible" style="cursor: pointer;" data-column-clickable="https://praxis-sanavida.ch/angebot/innere-persoenlichkeitsanteile-ifs-internal-family-system/" data-column-clickable-blank="_self" data-id="3c3e312" data-element_type="column" data-e-type="column" data-settings="{&quot;background_background&quot;:&quot;classic&quot;,&quot;animation&quot;:&quot;fadeInDown&quot;}">
			<div class="elementor-widget-wrap elementor-element-populated">
						<div class="elementor-element elementor-element-a2b1a95 elementor-widget elementor-widget-heading" data-id="a2b1a95" data-element_type="widget" data-e-type="widget" data-widget_type="heading.default">
				<div class="elementor-widget-container">
					<h2 class="elementor-heading-title elementor-size-default"><a href="https://praxis-sanavida.ch/angebot/innere-persoenlichkeitsanteile-ifs-internal-family-system/">IFS (Internal Family System) - Arbeit mit Persönlichkeitsanteilen</a></h2>				</div>
				</div>
				<div class="elementor-element elementor-element-7cfd5ec fadein_box elementor-widget elementor-widget-text-editor" data-id="7cfd5ec" data-element_type="widget" data-e-type="widget" data-widget_type="text-editor.default">
				<div class="elementor-widget-container">
									<p>Durch diese Methode finden sich Antworten auf Fragen wie die, was Menschen hilft, anders mit sich (und anderen) umzugehen und das eigene Wohlbefinden zu fördern und stärken. Gerne begleite ich Sie durch Ihre ganz eigene Entdeckungsreise ins Innere und helfe belastende Denk- und Verhaltensweisen (an-) zu erkennen und zu verändern.</p><p><strong><a title="IFS Arbeit mit Persönlichkeitsanteilen (IFS = Internal Family System)" href="https://praxis-sanavida.ch/angebot/innere-persoenlichkeitsanteile-ifs-internal-family-system/">weiterlesen</a></strong></p>								</div>
				</div>
					</div>
		</div>
				<div class="make-column-clickable-elementor elementor-column elementor-col-25 elementor-top-column elementor-element elementor-element-2d26ce0 hoverspalte elementor-invisible" style="cursor: pointer;" data-column-clickable="https://praxis-sanavida.ch/angebot/ent-spannungsfeld-familie-schule/" data-column-clickable-blank="_self" data-id="2d26ce0" data-element_type="column" data-e-type="column" data-settings="{&quot;background_background&quot;:&quot;classic&quot;,&quot;animation&quot;:&quot;fadeInDown&quot;,&quot;animation_delay&quot;:200}">
			<div class="elementor-widget-wrap elementor-element-populated">
						<div class="elementor-element elementor-element-6d4f406 elementor-widget elementor-widget-heading" data-id="6d4f406" data-element_type="widget" data-e-type="widget" data-widget_type="heading.default">
				<div class="elementor-widget-container">
					<h2 class="elementor-heading-title elementor-size-default"><a href="https://praxis-sanavida.ch/angebot/ent-spannungsfeld-familie-schule/">(Ent-) Spannungsfeld Familie- Schule</a></h2>				</div>
				</div>
				<div class="elementor-element elementor-element-1848c00 fadein_box elementor-widget elementor-widget-text-editor" data-id="1848c00" data-element_type="widget" data-e-type="widget" data-widget_type="text-editor.default">
				<div class="elementor-widget-container">
									<ul><li>Mobiles Case Management Schulangst/Schulverweigerung<br /><br /></li><li>Wenn die Seele Bauchweh hat &#8211; Kinder mit psychosomatischen Anzeichen &amp; Schule<br /><br /></li><li>Stress- lass nach! Kinder zwischen Anspannung &amp; Entspannung<br /><br /></li></ul><p><strong><a title="IFS Arbeit mit Persönlichkeitsanteilen (IFS = Internal Family System)" href="https://praxis-sanavida.ch/angebot/ent-spannungsfeld-familie-schule/">weiterlesen</a></strong></p>								</div>
				</div>
					</div>
		</div>
					</div>
		</section>
				</div>

<p>Kommunikations- und Beziehungs&shy;begleitung Chronische Krankheit und Familie Systemische Beratung und Begleitung für Geschwister und Eltern mit einem chronisch erkrankten Kind. Unabhängig vom Krankheitsbild unterstütze ich Sie und Ihre Kinder in dieser besonderen Belastungssituation und begleite Sie im anspruchsvollen Prozess für die Neuorientierung und Anpassungsleistung im familiären Alltag. weiterlesen Einmal Eltern &#8211; immer Eltern Die Bewältigung [&hellip;]</p>
