{"id":25,"date":"2021-10-22T11:45:35","date_gmt":"2021-10-22T09:45:35","guid":{"rendered":"https:\/\/praxis-sanavida.ch\/?page_id=25"},"modified":"2022-03-07T15:48:14","modified_gmt":"2022-03-07T14:48:14","slug":"sabine-buesser","status":"publish","type":"page","link":"https:\/\/praxis-sanavida.ch\/es\/sabine-buesser\/","title":{"rendered":"Sabine B\u00fcsser"},"content":{"rendered":"\t\t<div data-elementor-type=\"wp-page\" data-elementor-id=\"25\" class=\"elementor elementor-25\" data-elementor-post-type=\"page\">\n\t\t\t\t\t\t<section class=\"elementor-section elementor-top-section elementor-element elementor-element-20272c98 elementor-section-full_width elementor-section-height-default elementor-section-height-default\" data-id=\"20272c98\" data-element_type=\"section\" data-e-type=\"section\">\n\t\t\t\t\t\t<div class=\"elementor-container elementor-column-gap-default\">\n\t\t\t\t\t<div class=\"elementor-column elementor-col-50 elementor-top-column elementor-element elementor-element-3148eea\" data-id=\"3148eea\" data-element_type=\"column\" data-e-type=\"column\">\n\t\t\t<div class=\"elementor-widget-wrap elementor-element-populated\">\n\t\t\t\t\t\t<div class=\"elementor-element elementor-element-2cddab4 elementor-invisible elementor-widget elementor-widget-image\" data-id=\"2cddab4\" data-element_type=\"widget\" data-e-type=\"widget\" data-settings=\"{&quot;_animation&quot;:&quot;fadeInLeft&quot;}\" data-widget_type=\"image.default\">\n\t\t\t\t<div class=\"elementor-widget-container\">\n\t\t\t\t\t\t\t\t\t\t\t\t\t\t\t<img fetchpriority=\"high\" decoding=\"async\" width=\"750\" height=\"1000\" src=\"https:\/\/praxis-sanavida.ch\/wp-content\/uploads\/2021\/12\/Fleisstext-Bild-29.jpg\" class=\"attachment-large size-large wp-image-865\" alt=\"Weingut\" srcset=\"https:\/\/praxis-sanavida.ch\/wp-content\/uploads\/2021\/12\/Fleisstext-Bild-29.jpg 750w, https:\/\/praxis-sanavida.ch\/wp-content\/uploads\/2021\/12\/Fleisstext-Bild-29-225x300.jpg 225w\" sizes=\"(max-width: 750px) 100vw, 750px\" \/>\t\t\t\t\t\t\t\t\t\t\t\t\t\t\t<\/div>\n\t\t\t\t<\/div>\n\t\t\t\t\t<\/div>\n\t\t<\/div>\n\t\t\t\t<div class=\"elementor-column elementor-col-50 elementor-top-column elementor-element elementor-element-3ac36293\" data-id=\"3ac36293\" data-element_type=\"column\" data-e-type=\"column\">\n\t\t\t<div class=\"elementor-widget-wrap elementor-element-populated\">\n\t\t\t\t\t\t<section class=\"elementor-section elementor-inner-section elementor-element elementor-element-59d5cd1f elementor-section-boxed elementor-section-height-default elementor-section-height-default elementor-invisible\" data-id=\"59d5cd1f\" data-element_type=\"section\" data-e-type=\"section\" data-settings=\"{&quot;animation&quot;:&quot;fadeInRight&quot;}\">\n\t\t\t\t\t\t<div class=\"elementor-container elementor-column-gap-default\">\n\t\t\t\t\t<div class=\"elementor-column elementor-col-100 elementor-inner-column elementor-element elementor-element-4ce27e60\" data-id=\"4ce27e60\" data-element_type=\"column\" data-e-type=\"column\">\n\t\t\t<div class=\"elementor-widget-wrap elementor-element-populated\">\n\t\t\t\t\t\t<div class=\"elementor-element elementor-element-105a154 elementor-widget__width-initial elementor-widget elementor-widget-heading\" data-id=\"105a154\" data-element_type=\"widget\" data-e-type=\"widget\" data-widget_type=\"heading.default\">\n\t\t\t\t<div class=\"elementor-widget-container\">\n\t\t\t\t\t<h1 class=\"elementor-heading-title elementor-size-default\">Zu meiner Person<\/h1>\t\t\t\t<\/div>\n\t\t\t\t<\/div>\n\t\t\t\t<div class=\"elementor-element elementor-element-696a8e0e elementor-blockquote--skin-clean elementor-widget__width-auto elementor-widget elementor-widget-blockquote\" data-id=\"696a8e0e\" data-element_type=\"widget\" data-e-type=\"widget\" data-widget_type=\"blockquote.default\">\n\t\t\t\t<div class=\"elementor-widget-container\">\n\t\t\t\t\t\t\t<blockquote class=\"elementor-blockquote\">\n\t\t\t<p class=\"elementor-blockquote__content\">\n\t\t\t\t\u00abWorte k\u00f6nnen uns trennen oder verbinden,<br>\nmit ihnen errichten wir Mauern oder \u00f6ffnen Fenster.\u00bb\n\t\t\t<\/p>\n\t\t\t\t\t\t\t<div class=\"e-q-footer\">\n\t\t\t\t\t\t\t\t\t\t\t<cite class=\"elementor-blockquote__author\">Marshall C. Rosenberg<\/cite>\n\t\t\t\t\t\t\t\t\t\t\t\t\t\t<\/div>\n\t\t\t\t\t<\/blockquote>\n\t\t\t\t\t\t<\/div>\n\t\t\t\t<\/div>\n\t\t\t\t\t<\/div>\n\t\t<\/div>\n\t\t\t\t\t<\/div>\n\t\t<\/section>\n\t\t\t\t\t<\/div>\n\t\t<\/div>\n\t\t\t\t\t<\/div>\n\t\t<\/section>\n\t\t\t\t<section class=\"elementor-section elementor-top-section elementor-element elementor-element-370e1c74 elementor-section-full_width elementor-section-height-default elementor-section-height-default\" data-id=\"370e1c74\" data-element_type=\"section\" data-e-type=\"section\">\n\t\t\t\t\t\t<div class=\"elementor-container elementor-column-gap-default\">\n\t\t\t\t\t<div class=\"elementor-column elementor-col-100 elementor-top-column elementor-element elementor-element-5b594bc4\" data-id=\"5b594bc4\" data-element_type=\"column\" data-e-type=\"column\">\n\t\t\t<div class=\"elementor-widget-wrap elementor-element-populated\">\n\t\t\t\t\t\t<div class=\"elementor-element elementor-element-352603f2 elementor-widget elementor-widget-heading\" data-id=\"352603f2\" data-element_type=\"widget\" data-e-type=\"widget\" data-widget_type=\"heading.default\">\n\t\t\t\t<div class=\"elementor-widget-container\">\n\t\t\t\t\t<h2 class=\"elementor-heading-title elementor-size-default\">Sabine B\u00fcsser<\/h2>\t\t\t\t<\/div>\n\t\t\t\t<\/div>\n\t\t\t\t<div class=\"elementor-element elementor-element-6ccb9cde elementor-fixed elementor-widget__width-auto elementor-widget elementor-widget-html\" data-id=\"6ccb9cde\" data-element_type=\"widget\" data-e-type=\"widget\" data-settings=\"{&quot;motion_fx_motion_fx_scrolling&quot;:&quot;yes&quot;,&quot;motion_fx_translateY_effect&quot;:&quot;yes&quot;,&quot;_position&quot;:&quot;fixed&quot;,&quot;motion_fx_translateY_speed&quot;:{&quot;unit&quot;:&quot;px&quot;,&quot;size&quot;:4,&quot;sizes&quot;:[]},&quot;motion_fx_translateY_affectedRange&quot;:{&quot;unit&quot;:&quot;%&quot;,&quot;size&quot;:&quot;&quot;,&quot;sizes&quot;:{&quot;start&quot;:0,&quot;end&quot;:100}},&quot;motion_fx_devices&quot;:[&quot;desktop&quot;,&quot;tablet&quot;,&quot;mobile&quot;]}\" data-widget_type=\"html.default\">\n\t\t\t\t<div class=\"elementor-widget-container\">\n\t\t\t\t\t<div class=\"kugel\"><\/div>\t\t\t\t<\/div>\n\t\t\t\t<\/div>\n\t\t\t\t\t<\/div>\n\t\t<\/div>\n\t\t\t\t\t<\/div>\n\t\t<\/section>\n\t\t\t\t<section class=\"elementor-section elementor-top-section elementor-element elementor-element-27631198 elementor-section-full_width elementor-section-height-default elementor-section-height-default\" data-id=\"27631198\" data-element_type=\"section\" data-e-type=\"section\">\n\t\t\t\t\t\t<div class=\"elementor-container elementor-column-gap-default\">\n\t\t\t\t\t<div class=\"elementor-column elementor-col-50 elementor-top-column elementor-element elementor-element-4b9bdf7\" data-id=\"4b9bdf7\" data-element_type=\"column\" data-e-type=\"column\">\n\t\t\t<div class=\"elementor-widget-wrap elementor-element-populated\">\n\t\t\t\t\t\t<div class=\"elementor-element elementor-element-4f4fceb0 elementor-widget elementor-widget-text-editor\" data-id=\"4f4fceb0\" data-element_type=\"widget\" data-e-type=\"widget\" data-widget_type=\"text-editor.default\">\n\t\t\t\t<div class=\"elementor-widget-container\">\n\t\t\t\t\t\t\t\t\t<p>Geboren und aufgewachsen in Steinmaur, verbrachte ich die Kindheit auf dem Land. Als Jugendliche genoss ich drei wertvolle Jahre in multikulturellen Z\u00fcrich, bevor ich mich entschied, den Horizont an kultureller Vielfalt auf andere Kontinente auszuweiten.<\/p><p>Erste Berufserfahrungen im Ausland liessen mich einige Erfahrungssch\u00e4tze im Bereich der Integration sammeln und hautnah miterleben, vor welche Herausforderungen, Fragen und Gedanken Immigrierende gestellt sind.<\/p><p>Ein Dolmetscherstudium in Geb\u00e4rdensprache in Spanien, Projekte mit geh\u00f6rbeeintr\u00e4chtigen Menschen in Argentinien sowie das Erkunden verschiedenster L\u00e4nder Mittel- und S\u00fcdamerikas erm\u00f6glichten mir die Vielfalt an verschiedensten Beziehungen, Wahrnehmungen, Werte, Haltungen sowie Kommunikationsm\u00f6glichkeiten kennen-sowie sch\u00e4tzen zu lernen. Mein Anliegen eine Br\u00fccke zwischen Menschen anhand der Kommunikation wuchs stetig an.<\/p><p>Die jahrelange Arbeit mit Kindern, Jugendlichen, ihren Eltern, Fach- und Lehrpersonen zeigen mir immer wieder, was f\u00fcr einen grossen Einfluss und hohen Stellenwert die Kommunikation f\u00fcr und in zwischenmenschlichen Beziehungen einnimmt. Erg\u00e4nzend zur Arbeit mit dem (\u00e4usseren) Familiensystem, erweiterte ich mein Fach-, Methoden- und Praxiswissen mit einer Ausbildung in M\u00fcnchen f\u00fcr die Arbeit mit Pers\u00f6nlichkeitsanteilen, nach Richard C. Schwartz, der sogenannten IFS Therapie <strong><a title=\"Link zur IFS-Therapie\" href=\"https:\/\/praxis-sanavida.ch\/angebot\/innere-persoenlichkeitsanteile-ifs-internal-family-system\/\">(Link)<\/a><\/strong>.<\/p>\t\t\t\t\t\t\t\t<\/div>\n\t\t\t\t<\/div>\n\t\t\t\t<section class=\"elementor-section elementor-inner-section elementor-element elementor-element-e8f84ba elementor-section-boxed elementor-section-height-default elementor-section-height-default\" data-id=\"e8f84ba\" data-element_type=\"section\" data-e-type=\"section\">\n\t\t\t\t\t\t<div class=\"elementor-container elementor-column-gap-default\">\n\t\t\t\t\t<div class=\"elementor-column elementor-col-100 elementor-inner-column elementor-element elementor-element-15330a3 elementor-invisible\" data-id=\"15330a3\" data-element_type=\"column\" data-e-type=\"column\" data-settings=\"{&quot;background_background&quot;:&quot;classic&quot;,&quot;animation&quot;:&quot;fadeInLeft&quot;}\">\n\t\t\t<div class=\"elementor-widget-wrap elementor-element-populated\">\n\t\t\t\t\t\t<div class=\"elementor-element elementor-element-8f805ad elementor-widget elementor-widget-heading\" data-id=\"8f805ad\" data-element_type=\"widget\" data-e-type=\"widget\" data-widget_type=\"heading.default\">\n\t\t\t\t<div class=\"elementor-widget-container\">\n\t\t\t\t\t<h3 class=\"elementor-heading-title elementor-size-default\">Ausbildungen<\/h3>\t\t\t\t<\/div>\n\t\t\t\t<\/div>\n\t\t\t\t<div class=\"elementor-element elementor-element-9cbaf48 elementor-widget elementor-widget-text-editor\" data-id=\"9cbaf48\" data-element_type=\"widget\" data-e-type=\"widget\" data-widget_type=\"text-editor.default\">\n\t\t\t\t<div class=\"elementor-widget-container\">\n\t\t\t\t\t\t\t\t\t<ul><li>Bachelor of Arts in Sozialer Arbeit (Hochschule Luzern)<\/li><li>Ausbildung in IFS- Therapie (Internal Family System) nach Richard C. Schwartz; IFS- Institut M\u00fcnchen<\/li><li>Diplom in psychologischen Kompetenzen in Gespr\u00e4chsf\u00fchrung und Beratung; Ipsyt- Institut, Spin-off Universit\u00e4t Z\u00fcrich)<\/li><li>Zertifikat in \u00abAchtsamkeit in der Arbeit mit Kindern (Amiki)\u00bb; G\u00f6tzis\/ Z\u00fcrich<\/li><li>Studium in Erziehungswissenschaft, Ethnologie &amp; spanischer Sprach- und Literaturwissenschaft; Universit\u00e4t Z\u00fcrich<\/li><li>\u00abCiclo Superior en Inte\u0301rprete de la llengua de signes catalana\u00bb (Dolmetscherstudium fu\u0308r katalanische Geba\u0308rdensprache); Barcelona<\/li><li>Weiterbildungs- und Vertiefungskurse in Gewaltfreier Kommunikation nach Marshall C. Rosenberg; Kanton Z\u00fcrich<\/li><li>Seminar Psychophysiognomik, Akademie M\u00fcnchen<\/li><li>Seminar Klangschalenmassage, Z\u00fcrich<\/li><\/ul>\t\t\t\t\t\t\t\t<\/div>\n\t\t\t\t<\/div>\n\t\t\t\t\t<\/div>\n\t\t<\/div>\n\t\t\t\t\t<\/div>\n\t\t<\/section>\n\t\t\t\t\t<\/div>\n\t\t<\/div>\n\t\t\t\t<div class=\"elementor-column elementor-col-50 elementor-top-column elementor-element elementor-element-c6b233e\" data-id=\"c6b233e\" data-element_type=\"column\" data-e-type=\"column\">\n\t\t\t<div class=\"elementor-widget-wrap elementor-element-populated\">\n\t\t\t\t\t\t<div class=\"elementor-element elementor-element-37dbaca elementor-widget elementor-widget-image\" data-id=\"37dbaca\" data-element_type=\"widget\" data-e-type=\"widget\" data-widget_type=\"image.default\">\n\t\t\t\t<div class=\"elementor-widget-container\">\n\t\t\t\t\t\t\t\t\t\t\t\t\t\t\t<img decoding=\"async\" src=\"https:\/\/praxis-sanavida.ch\/wp-content\/uploads\/elementor\/thumbs\/Praxis-Sanavida-Portrait-Sabine-Buesser-pgtpwdovokoavfig5ls7fg713rm85uli5l7kb7fj9o.jpg\" title=\"Praxis-Sanavida-Portrait-Sabine-Buesser\" alt=\"Portrait Sabine B\u00fcsser\" loading=\"lazy\" \/>\t\t\t\t\t\t\t\t\t\t\t\t\t\t\t<\/div>\n\t\t\t\t<\/div>\n\t\t\t\t\t<\/div>\n\t\t<\/div>\n\t\t\t\t\t<\/div>\n\t\t<\/section>\n\t\t\t\t<\/div>\n\t\t","protected":false},"excerpt":{"rendered":"<p>Zu meiner Person \u00abWorte k\u00f6nnen uns trennen oder verbinden, mit ihnen errichten wir Mauern oder \u00f6ffnen Fenster.\u00bb Marshall C. Rosenberg Sabine B\u00fcsser Geboren und aufgewachsen in Steinmaur, verbrachte ich die Kindheit auf dem Land. Als Jugendliche genoss ich drei wertvolle Jahre in multikulturellen Z\u00fcrich, bevor ich mich entschied, den Horizont an kultureller Vielfalt auf andere [&hellip;]<\/p>\n","protected":false},"author":1,"featured_media":0,"parent":0,"menu_order":0,"comment_status":"closed","ping_status":"closed","template":"","meta":{"inline_featured_image":false,"footnotes":""},"class_list":["post-25","page","type-page","status-publish","hentry"],"_links":{"self":[{"href":"https:\/\/praxis-sanavida.ch\/es\/wp-json\/wp\/v2\/pages\/25","targetHints":{"allow":["GET"]}}],"collection":[{"href":"https:\/\/praxis-sanavida.ch\/es\/wp-json\/wp\/v2\/pages"}],"about":[{"href":"https:\/\/praxis-sanavida.ch\/es\/wp-json\/wp\/v2\/types\/page"}],"author":[{"embeddable":true,"href":"https:\/\/praxis-sanavida.ch\/es\/wp-json\/wp\/v2\/users\/1"}],"replies":[{"embeddable":true,"href":"https:\/\/praxis-sanavida.ch\/es\/wp-json\/wp\/v2\/comments?post=25"}],"version-history":[{"count":13,"href":"https:\/\/praxis-sanavida.ch\/es\/wp-json\/wp\/v2\/pages\/25\/revisions"}],"predecessor-version":[{"id":1411,"href":"https:\/\/praxis-sanavida.ch\/es\/wp-json\/wp\/v2\/pages\/25\/revisions\/1411"}],"wp:attachment":[{"href":"https:\/\/praxis-sanavida.ch\/es\/wp-json\/wp\/v2\/media?parent=25"}],"curies":[{"name":"wp","href":"https:\/\/api.w.org\/{rel}","templated":true}]}}

Sabine Büsser

<div data-elementor-type="wp-page" data-elementor-id="25" class="elementor elementor-25" data-elementor-post-type="page">
						<section class="elementor-section elementor-top-section elementor-element elementor-element-20272c98 elementor-section-full_width elementor-section-height-default elementor-section-height-default" data-id="20272c98" data-element_type="section" data-e-type="section">
						<div class="elementor-container elementor-column-gap-default">
					<div class="elementor-column elementor-col-50 elementor-top-column elementor-element elementor-element-3148eea" data-id="3148eea" data-element_type="column" data-e-type="column">
			<div class="elementor-widget-wrap elementor-element-populated">
						<div class="elementor-element elementor-element-2cddab4 elementor-invisible elementor-widget elementor-widget-image" data-id="2cddab4" data-element_type="widget" data-e-type="widget" data-settings="{&quot;_animation&quot;:&quot;fadeInLeft&quot;}" data-widget_type="image.default">
				<div class="elementor-widget-container">
															<img fetchpriority="high" decoding="async" width="750" height="1000" src="https://praxis-sanavida.ch/wp-content/uploads/2021/12/Fleisstext-Bild-29.jpg" class="attachment-large size-large wp-image-865" alt="Weingut" srcset="https://praxis-sanavida.ch/wp-content/uploads/2021/12/Fleisstext-Bild-29.jpg 750w, https://praxis-sanavida.ch/wp-content/uploads/2021/12/Fleisstext-Bild-29-225x300.jpg 225w" sizes="(max-width: 750px) 100vw, 750px" />															</div>
				</div>
					</div>
		</div>
				<div class="elementor-column elementor-col-50 elementor-top-column elementor-element elementor-element-3ac36293" data-id="3ac36293" data-element_type="column" data-e-type="column">
			<div class="elementor-widget-wrap elementor-element-populated">
						<section class="elementor-section elementor-inner-section elementor-element elementor-element-59d5cd1f elementor-section-boxed elementor-section-height-default elementor-section-height-default elementor-invisible" data-id="59d5cd1f" data-element_type="section" data-e-type="section" data-settings="{&quot;animation&quot;:&quot;fadeInRight&quot;}">
						<div class="elementor-container elementor-column-gap-default">
					<div class="elementor-column elementor-col-100 elementor-inner-column elementor-element elementor-element-4ce27e60" data-id="4ce27e60" data-element_type="column" data-e-type="column">
			<div class="elementor-widget-wrap elementor-element-populated">
						<div class="elementor-element elementor-element-105a154 elementor-widget__width-initial elementor-widget elementor-widget-heading" data-id="105a154" data-element_type="widget" data-e-type="widget" data-widget_type="heading.default">
				<div class="elementor-widget-container">
					<h1 class="elementor-heading-title elementor-size-default">Zu meiner Person</h1>				</div>
				</div>
				<div class="elementor-element elementor-element-696a8e0e elementor-blockquote--skin-clean elementor-widget__width-auto elementor-widget elementor-widget-blockquote" data-id="696a8e0e" data-element_type="widget" data-e-type="widget" data-widget_type="blockquote.default">
				<div class="elementor-widget-container">
							<blockquote class="elementor-blockquote">
			<p class="elementor-blockquote__content">
				«Worte können uns trennen oder verbinden,<br>
mit ihnen errichten wir Mauern oder öffnen Fenster.»
			</p>
							<div class="e-q-footer">
											<cite class="elementor-blockquote__author">Marshall C. Rosenberg</cite>
														</div>
					</blockquote>
						</div>
				</div>
					</div>
		</div>
					</div>
		</section>
					</div>
		</div>
					</div>
		</section>
				<section class="elementor-section elementor-top-section elementor-element elementor-element-370e1c74 elementor-section-full_width elementor-section-height-default elementor-section-height-default" data-id="370e1c74" data-element_type="section" data-e-type="section">
						<div class="elementor-container elementor-column-gap-default">
					<div class="elementor-column elementor-col-100 elementor-top-column elementor-element elementor-element-5b594bc4" data-id="5b594bc4" data-element_type="column" data-e-type="column">
			<div class="elementor-widget-wrap elementor-element-populated">
						<div class="elementor-element elementor-element-352603f2 elementor-widget elementor-widget-heading" data-id="352603f2" data-element_type="widget" data-e-type="widget" data-widget_type="heading.default">
				<div class="elementor-widget-container">
					<h2 class="elementor-heading-title elementor-size-default">Sabine Büsser</h2>				</div>
				</div>
				<div class="elementor-element elementor-element-6ccb9cde elementor-fixed elementor-widget__width-auto elementor-widget elementor-widget-html" data-id="6ccb9cde" data-element_type="widget" data-e-type="widget" data-settings="{&quot;motion_fx_motion_fx_scrolling&quot;:&quot;yes&quot;,&quot;motion_fx_translateY_effect&quot;:&quot;yes&quot;,&quot;_position&quot;:&quot;fixed&quot;,&quot;motion_fx_translateY_speed&quot;:{&quot;unit&quot;:&quot;px&quot;,&quot;size&quot;:4,&quot;sizes&quot;:[]},&quot;motion_fx_translateY_affectedRange&quot;:{&quot;unit&quot;:&quot;%&quot;,&quot;size&quot;:&quot;&quot;,&quot;sizes&quot;:{&quot;start&quot;:0,&quot;end&quot;:100}},&quot;motion_fx_devices&quot;:[&quot;desktop&quot;,&quot;tablet&quot;,&quot;mobile&quot;]}" data-widget_type="html.default">
				<div class="elementor-widget-container">
					<div class="kugel"></div>				</div>
				</div>
					</div>
		</div>
					</div>
		</section>
				<section class="elementor-section elementor-top-section elementor-element elementor-element-27631198 elementor-section-full_width elementor-section-height-default elementor-section-height-default" data-id="27631198" data-element_type="section" data-e-type="section">
						<div class="elementor-container elementor-column-gap-default">
					<div class="elementor-column elementor-col-50 elementor-top-column elementor-element elementor-element-4b9bdf7" data-id="4b9bdf7" data-element_type="column" data-e-type="column">
			<div class="elementor-widget-wrap elementor-element-populated">
						<div class="elementor-element elementor-element-4f4fceb0 elementor-widget elementor-widget-text-editor" data-id="4f4fceb0" data-element_type="widget" data-e-type="widget" data-widget_type="text-editor.default">
				<div class="elementor-widget-container">
									<p>Geboren und aufgewachsen in Steinmaur, verbrachte ich die Kindheit auf dem Land. Als Jugendliche genoss ich drei wertvolle Jahre in multikulturellen Zürich, bevor ich mich entschied, den Horizont an kultureller Vielfalt auf andere Kontinente auszuweiten.</p><p>Erste Berufserfahrungen im Ausland liessen mich einige Erfahrungsschätze im Bereich der Integration sammeln und hautnah miterleben, vor welche Herausforderungen, Fragen und Gedanken Immigrierende gestellt sind.</p><p>Ein Dolmetscherstudium in Gebärdensprache in Spanien, Projekte mit gehörbeeinträchtigen Menschen in Argentinien sowie das Erkunden verschiedenster Länder Mittel- und Südamerikas ermöglichten mir die Vielfalt an verschiedensten Beziehungen, Wahrnehmungen, Werte, Haltungen sowie Kommunikationsmöglichkeiten kennen-sowie schätzen zu lernen. Mein Anliegen eine Brücke zwischen Menschen anhand der Kommunikation wuchs stetig an.</p><p>Die jahrelange Arbeit mit Kindern, Jugendlichen, ihren Eltern, Fach- und Lehrpersonen zeigen mir immer wieder, was für einen grossen Einfluss und hohen Stellenwert die Kommunikation für und in zwischenmenschlichen Beziehungen einnimmt. Ergänzend zur Arbeit mit dem (äusseren) Familiensystem, erweiterte ich mein Fach-, Methoden- und Praxiswissen mit einer Ausbildung in München für die Arbeit mit Persönlichkeitsanteilen, nach Richard C. Schwartz, der sogenannten IFS Therapie <strong><a title="Link zur IFS-Therapie" href="https://praxis-sanavida.ch/angebot/innere-persoenlichkeitsanteile-ifs-internal-family-system/">(Link)</a></strong>.</p>								</div>
				</div>
				<section class="elementor-section elementor-inner-section elementor-element elementor-element-e8f84ba elementor-section-boxed elementor-section-height-default elementor-section-height-default" data-id="e8f84ba" data-element_type="section" data-e-type="section">
						<div class="elementor-container elementor-column-gap-default">
					<div class="elementor-column elementor-col-100 elementor-inner-column elementor-element elementor-element-15330a3 elementor-invisible" data-id="15330a3" data-element_type="column" data-e-type="column" data-settings="{&quot;background_background&quot;:&quot;classic&quot;,&quot;animation&quot;:&quot;fadeInLeft&quot;}">
			<div class="elementor-widget-wrap elementor-element-populated">
						<div class="elementor-element elementor-element-8f805ad elementor-widget elementor-widget-heading" data-id="8f805ad" data-element_type="widget" data-e-type="widget" data-widget_type="heading.default">
				<div class="elementor-widget-container">
					<h3 class="elementor-heading-title elementor-size-default">Ausbildungen</h3>				</div>
				</div>
				<div class="elementor-element elementor-element-9cbaf48 elementor-widget elementor-widget-text-editor" data-id="9cbaf48" data-element_type="widget" data-e-type="widget" data-widget_type="text-editor.default">
				<div class="elementor-widget-container">
									<ul><li>Bachelor of Arts in Sozialer Arbeit (Hochschule Luzern)</li><li>Ausbildung in IFS- Therapie (Internal Family System) nach Richard C. Schwartz; IFS- Institut München</li><li>Diplom in psychologischen Kompetenzen in Gesprächsführung und Beratung; Ipsyt- Institut, Spin-off Universität Zürich)</li><li>Zertifikat in «Achtsamkeit in der Arbeit mit Kindern (Amiki)»; Götzis/ Zürich</li><li>Studium in Erziehungswissenschaft, Ethnologie &amp; spanischer Sprach- und Literaturwissenschaft; Universität Zürich</li><li>«Ciclo Superior en Intérprete de la llengua de signes catalana» (Dolmetscherstudium für katalanische Gebärdensprache); Barcelona</li><li>Weiterbildungs- und Vertiefungskurse in Gewaltfreier Kommunikation nach Marshall C. Rosenberg; Kanton Zürich</li><li>Seminar Psychophysiognomik, Akademie München</li><li>Seminar Klangschalenmassage, Zürich</li></ul>								</div>
				</div>
					</div>
		</div>
					</div>
		</section>
					</div>
		</div>
				<div class="elementor-column elementor-col-50 elementor-top-column elementor-element elementor-element-c6b233e" data-id="c6b233e" data-element_type="column" data-e-type="column">
			<div class="elementor-widget-wrap elementor-element-populated">
						<div class="elementor-element elementor-element-37dbaca elementor-widget elementor-widget-image" data-id="37dbaca" data-element_type="widget" data-e-type="widget" data-widget_type="image.default">
				<div class="elementor-widget-container">
															<img decoding="async" src="https://praxis-sanavida.ch/wp-content/uploads/elementor/thumbs/Praxis-Sanavida-Portrait-Sabine-Buesser-pgtpwdovokoavfig5ls7fg713rm85uli5l7kb7fj9o.jpg" title="Praxis-Sanavida-Portrait-Sabine-Buesser" alt="Portrait Sabine Büsser" loading="lazy" />															</div>
				</div>
					</div>
		</div>
					</div>
		</section>
				</div>

<p>Zu meiner Person «Worte können uns trennen oder verbinden, mit ihnen errichten wir Mauern oder öffnen Fenster.» Marshall C. Rosenberg Sabine Büsser Geboren und aufgewachsen in Steinmaur, verbrachte ich die Kindheit auf dem Land. Als Jugendliche genoss ich drei wertvolle Jahre in multikulturellen Zürich, bevor ich mich entschied, den Horizont an kultureller Vielfalt auf andere [&hellip;]</p>
