{"id":15,"date":"2021-10-22T11:43:08","date_gmt":"2021-10-22T09:43:08","guid":{"rendered":"https:\/\/praxis-sanavida.ch\/?page_id=15"},"modified":"2022-08-22T11:05:56","modified_gmt":"2022-08-22T09:05:56","slug":"angebot","status":"publish","type":"page","link":"https:\/\/praxis-sanavida.ch\/es\/angebot\/","title":{"rendered":"Oferta"},"content":{"rendered":"<div data-elementor-type=\"wp-page\" data-elementor-id=\"15\" class=\"elementor elementor-15\" data-elementor-post-type=\"page\">\n\t\t\t\t\t\t<section class=\"elementor-section elementor-top-section elementor-element elementor-element-e7ed4ad elementor-section-full_width elementor-section-height-min-height elementor-section-items-stretch elementor-section-height-default\" data-id=\"e7ed4ad\" data-element_type=\"section\" data-e-type=\"section\">\n\t\t\t\t\t\t\t<div class=\"elementor-background-overlay\"><\/div>\n\t\t\t\t\t\t\t<div class=\"elementor-container elementor-column-gap-default\">\n\t\t\t\t\t<div class=\"make-column-clickable-elementor elementor-column elementor-col-25 elementor-top-column elementor-element elementor-element-d72f631 hoverspalte elementor-invisible\" style=\"cursor: pointer;\" data-column-clickable=\"https:\/\/praxis-sanavida.ch\/angebot\/chronische-krankheit-und-familie\/\" data-column-clickable-blank=\"_self\" data-id=\"d72f631\" data-element_type=\"column\" data-e-type=\"column\" data-settings=\"{&quot;background_background&quot;:&quot;classic&quot;,&quot;animation&quot;:&quot;fadeInDown&quot;}\">\n\t\t\t<div class=\"elementor-widget-wrap elementor-element-populated\">\n\t\t\t\t\t\t<div class=\"elementor-element elementor-element-ee1c8fb elementor-widget elementor-widget-heading\" data-id=\"ee1c8fb\" data-element_type=\"widget\" data-e-type=\"widget\" data-widget_type=\"heading.default\">\n\t\t\t\t<div class=\"elementor-widget-container\">\n\t\t\t\t\t<h2 class=\"elementor-heading-title elementor-size-default\"><a href=\"https:\/\/praxis-sanavida.ch\/es\/angebot\/chronische-krankheit-und-familie\/\">Enfermedad cr\u00f3nica  y familia <\/a><\/h2>\t\t\t\t<\/div>\n\t\t\t\t<\/div>\n\t\t\t\t<div class=\"elementor-element elementor-element-9230855 fadein_box elementor-widget elementor-widget-text-editor\" data-id=\"9230855\" data-element_type=\"widget\" data-e-type=\"widget\" data-widget_type=\"text-editor.default\">\n\t\t\t\t<div class=\"elementor-widget-container\">\n\t\t\t\t\t\t\t\t\t<p>Asesoramiento y apoyo para los padres y hermanos de un hijo o de una hija con una enfermedad cr\u00f3nica. Independientemente de la enfermedad, apoyo a su familia en esta situaci\u00f3n especial de estr\u00e9s y les acompa\u00f1o en el exigente proceso de reorientaci\u00f3n y adaptaci\u00f3n a la vida familiar cotidiana<\/p><p><strong><a title=\"Enfermedad cr\u00f3nica  y familia\" href=\"https:\/\/praxis-sanavida.ch\/es\/chronische-krankheit-und-familie\/\">Leer m\u00e1s<\/a><\/strong><\/p>\t\t\t\t\t\t\t\t<\/div>\n\t\t\t\t<\/div>\n\t\t\t\t\t<\/div>\n\t\t<\/div>\n\t\t\t\t<div class=\"make-column-clickable-elementor elementor-column elementor-col-25 elementor-top-column elementor-element elementor-element-df4c194 hoverspalte elementor-invisible\" style=\"cursor: pointer;\" data-column-clickable=\"https:\/\/praxis-sanavida.ch\/angebot\/einmal-eltern-immer-eltern\/\" data-column-clickable-blank=\"_self\" data-id=\"df4c194\" data-element_type=\"column\" data-e-type=\"column\" data-settings=\"{&quot;background_background&quot;:&quot;classic&quot;,&quot;animation&quot;:&quot;fadeInDown&quot;,&quot;animation_delay&quot;:200}\">\n\t\t\t<div class=\"elementor-widget-wrap elementor-element-populated\">\n\t\t\t\t\t\t<div class=\"elementor-element elementor-element-db62072 elementor-widget elementor-widget-heading\" data-id=\"db62072\" data-element_type=\"widget\" data-e-type=\"widget\" data-widget_type=\"heading.default\">\n\t\t\t\t<div class=\"elementor-widget-container\">\n\t\t\t\t\t<h2 class=\"elementor-heading-title elementor-size-default\"><a href=\"https:\/\/praxis-sanavida.ch\/es\/angebot\/einmal-eltern-immer-eltern\/\">Una vez padres- siempre padres<\/a><\/h2>\t\t\t\t<\/div>\n\t\t\t\t<\/div>\n\t\t\t\t<div class=\"elementor-element elementor-element-23449e4 fadein_box elementor-widget elementor-widget-text-editor\" data-id=\"23449e4\" data-element_type=\"widget\" data-e-type=\"widget\" data-widget_type=\"text-editor.default\">\n\t\t\t\t<div class=\"elementor-widget-container\">\n\t\t\t\t\t\t\t\t\t<p>Afrontar la separaci\u00f3n requiere el desarrollo de todos los implicados y representa una transici\u00f3n para cada miembro de la familia. Me gustar\u00eda apoyarles a usted y a su(s) hijo(s) en esta transici\u00f3n para que la familia, aunque est\u00e9 en hogares separados, pueda volver a sentirse como una familia y pueda vivir \u00e9sta de una nueva forma.<\/p><p><strong><a title=\"Una vez padres- siempre padres\" href=\"https:\/\/praxis-sanavida.ch\/es\/angebot\/einmal-eltern-immer-eltern\/\">Leer m\u00e1s<\/a><\/strong><\/p>\t\t\t\t\t\t\t\t<\/div>\n\t\t\t\t<\/div>\n\t\t\t\t\t<\/div>\n\t\t<\/div>\n\t\t\t\t<div class=\"make-column-clickable-elementor elementor-column elementor-col-25 elementor-top-column elementor-element elementor-element-5157575 hoverspalte elementor-invisible\" style=\"cursor: pointer;\" data-column-clickable=\"https:\/\/praxis-sanavida.ch\/angebot\/innere-persoenlichkeitsanteile-ifs-internal-family-system\/\" data-column-clickable-blank=\"_self\" data-id=\"5157575\" data-element_type=\"column\" data-e-type=\"column\" data-settings=\"{&quot;background_background&quot;:&quot;classic&quot;,&quot;animation&quot;:&quot;fadeInDown&quot;}\">\n\t\t\t<div class=\"elementor-widget-wrap elementor-element-populated\">\n\t\t\t\t\t\t<div class=\"elementor-element elementor-element-23adaaa elementor-widget elementor-widget-heading\" data-id=\"23adaaa\" data-element_type=\"widget\" data-e-type=\"widget\" data-widget_type=\"heading.default\">\n\t\t\t\t<div class=\"elementor-widget-container\">\n\t\t\t\t\t<h2 class=\"elementor-heading-title elementor-size-default\"><a href=\"https:\/\/praxis-sanavida.ch\/es\/angebot\/innere-persoenlichkeitsanteile-ifs-internal-family-system\/\">IFS (Internal Family System) - Trabajo con rasgos de personalidad<br> <\/a><\/h2>\t\t\t\t<\/div>\n\t\t\t\t<\/div>\n\t\t\t\t<div class=\"elementor-element elementor-element-5cbeb85 fadein_box elementor-widget elementor-widget-text-editor\" data-id=\"5cbeb85\" data-element_type=\"widget\" data-e-type=\"widget\" data-widget_type=\"text-editor.default\">\n\t\t\t\t<div class=\"elementor-widget-container\">\n\t\t\t\t\t\t\t\t\t<p>Este m\u00e9todo ofrece respuestas a preguntas como qu\u00e9 ayuda a las personas a tratarse a s\u00ed mismas (y a los dem\u00e1s) de forma diferente y a promover y reforzar su propio bienestar. Estar\u00e9 encantada de acompa\u00f1arte en tu propio viaje de descubrimiento hacia tu interior y ayudarte a reconocer y cambiar las formas de pensar y comportar que te resultan estresantes.<\/p><p><strong><a title=\"IFS Arbeit mit Pers\u00f6nlichkeitsanteilen (IFS = Internal Family System)\" href=\"https:\/\/praxis-sanavida.ch\/es\/angebot\/innere-persoenlichkeitsanteile-ifs-internal-family-system\/\">Leer m\u00e1s<\/a><\/strong><\/p>\t\t\t\t\t\t\t\t<\/div>\n\t\t\t\t<\/div>\n\t\t\t\t\t<\/div>\n\t\t<\/div>\n\t\t\t\t<div class=\"make-column-clickable-elementor elementor-column elementor-col-25 elementor-top-column elementor-element elementor-element-5eebc44 hoverspalte elementor-invisible\" style=\"cursor: pointer;\" data-column-clickable=\"https:\/\/praxis-sanavida.ch\/angebot\/ent-spannungsfeld-familie-schule\/\" data-column-clickable-blank=\"_self\" data-id=\"5eebc44\" data-element_type=\"column\" data-e-type=\"column\" data-settings=\"{&quot;background_background&quot;:&quot;classic&quot;,&quot;animation&quot;:&quot;fadeInDown&quot;,&quot;animation_delay&quot;:200}\">\n\t\t\t<div class=\"elementor-widget-wrap elementor-element-populated\">\n\t\t\t\t\t\t<div class=\"elementor-element elementor-element-65ecd8c elementor-widget elementor-widget-heading\" data-id=\"65ecd8c\" data-element_type=\"widget\" data-e-type=\"widget\" data-widget_type=\"heading.default\">\n\t\t\t\t<div class=\"elementor-widget-container\">\n\t\t\t\t\t<h2 class=\"elementor-heading-title elementor-size-default\"><a href=\"https:\/\/praxis-sanavida.ch\/es\/angebot\/ent-spannungsfeld-familie-schule\/\">Campo de (Des-) tensi\u00f3n  \u00abfamilia \u2013 escuela\u00bb<\/a><\/h2>\t\t\t\t<\/div>\n\t\t\t\t<\/div>\n\t\t\t\t<div class=\"elementor-element elementor-element-9431535 fadein_box elementor-widget elementor-widget-text-editor\" data-id=\"9431535\" data-element_type=\"widget\" data-e-type=\"widget\" data-widget_type=\"text-editor.default\">\n\t\t\t\t<div class=\"elementor-widget-container\">\n\t\t\t\t\t\t\t\t\t<ul><li><strong>Case Management<\/strong> en casos de ansiedad y\/o rechazo escolar<\/li><\/ul><ul><li><strong>\u00abAdi\u00f3s estr\u00e9s\u00bb.<\/strong> Ni\u00f1os entre tensi\u00f3n y relajaci\u00f3n (entrenamiento aut\u00f3geno y sue\u00f1o)<\/li><\/ul><ul><li><strong>\u00abCuando el alma sufre de dolor de est\u00f3mago\u00bb<\/strong> - Ni\u00f1os con s\u00edntomas psicosom\u00e1ticos y escuela<\/li><\/ul><p><strong><a title=\"IFS Arbeit mit Pers\u00f6nlichkeitsanteilen (IFS = Internal Family System)\" href=\"https:\/\/praxis-sanavida.ch\/es\/angebot\/ent-spannungsfeld-familie-schule\/\">Leer m\u00e1s<\/a><\/strong><\/p>\t\t\t\t\t\t\t\t<\/div>\n\t\t\t\t<\/div>\n\t\t\t\t\t<\/div>\n\t\t<\/div>\n\t\t\t\t\t<\/div>\n\t\t<\/section>\n\t\t\t\t<\/div>","protected":false},"excerpt":{"rendered":"<p>Chronische Krankheit und Familie Systemische Beratung und Begleitung f\u00fcr Geschwister und Eltern mit einem chronisch erkrankten Kind. Unabh\u00e4ngig vom Krankheitsbild unterst\u00fctze ich Sie und Ihre Kinder in dieser besonderen Belastungssituation und begleite Sie im anspruchsvollen Prozess f\u00fcr die Neuorientierung und Anpassungsleistung im famili\u00e4ren Alltag. weiterlesen Einmal Eltern &#8211; immer Eltern Die Bew\u00e4ltigung der Trennung erfordert [&hellip;]<\/p>\n","protected":false},"author":1,"featured_media":0,"parent":0,"menu_order":0,"comment_status":"closed","ping_status":"closed","template":"","meta":{"inline_featured_image":false,"footnotes":""},"class_list":["post-15","page","type-page","status-publish","hentry"],"_links":{"self":[{"href":"https:\/\/praxis-sanavida.ch\/es\/wp-json\/wp\/v2\/pages\/15","targetHints":{"allow":["GET"]}}],"collection":[{"href":"https:\/\/praxis-sanavida.ch\/es\/wp-json\/wp\/v2\/pages"}],"about":[{"href":"https:\/\/praxis-sanavida.ch\/es\/wp-json\/wp\/v2\/types\/page"}],"author":[{"embeddable":true,"href":"https:\/\/praxis-sanavida.ch\/es\/wp-json\/wp\/v2\/users\/1"}],"replies":[{"embeddable":true,"href":"https:\/\/praxis-sanavida.ch\/es\/wp-json\/wp\/v2\/comments?post=15"}],"version-history":[{"count":59,"href":"https:\/\/praxis-sanavida.ch\/es\/wp-json\/wp\/v2\/pages\/15\/revisions"}],"predecessor-version":[{"id":1766,"href":"https:\/\/praxis-sanavida.ch\/es\/wp-json\/wp\/v2\/pages\/15\/revisions\/1766"}],"wp:attachment":[{"href":"https:\/\/praxis-sanavida.ch\/es\/wp-json\/wp\/v2\/media?parent=15"}],"curies":[{"name":"wp","href":"https:\/\/api.w.org\/{rel}","templated":true}]}}

<div data-elementor-type="wp-page" data-elementor-id="15" class="elementor elementor-15" data-elementor-post-type="page">
						<section class="elementor-section elementor-top-section elementor-element elementor-element-e7ed4ad elementor-section-full_width elementor-section-height-min-height elementor-section-items-stretch elementor-section-height-default" data-id="e7ed4ad" data-element_type="section" data-e-type="section">
							<div class="elementor-background-overlay"></div>
							<div class="elementor-container elementor-column-gap-default">
					<div class="make-column-clickable-elementor elementor-column elementor-col-25 elementor-top-column elementor-element elementor-element-d72f631 hoverspalte elementor-invisible" style="cursor: pointer;" data-column-clickable="https://praxis-sanavida.ch/angebot/chronische-krankheit-und-familie/" data-column-clickable-blank="_self" data-id="d72f631" data-element_type="column" data-e-type="column" data-settings="{&quot;background_background&quot;:&quot;classic&quot;,&quot;animation&quot;:&quot;fadeInDown&quot;}">
			<div class="elementor-widget-wrap elementor-element-populated">
						<div class="elementor-element elementor-element-ee1c8fb elementor-widget elementor-widget-heading" data-id="ee1c8fb" data-element_type="widget" data-e-type="widget" data-widget_type="heading.default">
				<div class="elementor-widget-container">
					<h2 class="elementor-heading-title elementor-size-default"><a href="https://praxis-sanavida.ch/es/angebot/chronische-krankheit-und-familie/">Enfermedad crónica  y familia </a></h2>				</div>
				</div>
				<div class="elementor-element elementor-element-9230855 fadein_box elementor-widget elementor-widget-text-editor" data-id="9230855" data-element_type="widget" data-e-type="widget" data-widget_type="text-editor.default">
				<div class="elementor-widget-container">
									<p>Asesoramiento y apoyo para los padres y hermanos de un hijo o de una hija con una enfermedad crónica. Independientemente de la enfermedad, apoyo a su familia en esta situación especial de estrés y les acompaño en el exigente proceso de reorientación y adaptación a la vida familiar cotidiana</p><p><strong><a title="Enfermedad crónica  y familia" href="https://praxis-sanavida.ch/es/chronische-krankheit-und-familie/">Leer más</a></strong></p>								</div>
				</div>
					</div>
		</div>
				<div class="make-column-clickable-elementor elementor-column elementor-col-25 elementor-top-column elementor-element elementor-element-df4c194 hoverspalte elementor-invisible" style="cursor: pointer;" data-column-clickable="https://praxis-sanavida.ch/angebot/einmal-eltern-immer-eltern/" data-column-clickable-blank="_self" data-id="df4c194" data-element_type="column" data-e-type="column" data-settings="{&quot;background_background&quot;:&quot;classic&quot;,&quot;animation&quot;:&quot;fadeInDown&quot;,&quot;animation_delay&quot;:200}">
			<div class="elementor-widget-wrap elementor-element-populated">
						<div class="elementor-element elementor-element-db62072 elementor-widget elementor-widget-heading" data-id="db62072" data-element_type="widget" data-e-type="widget" data-widget_type="heading.default">
				<div class="elementor-widget-container">
					<h2 class="elementor-heading-title elementor-size-default"><a href="https://praxis-sanavida.ch/es/angebot/einmal-eltern-immer-eltern/">Una vez padres- siempre padres</a></h2>				</div>
				</div>
				<div class="elementor-element elementor-element-23449e4 fadein_box elementor-widget elementor-widget-text-editor" data-id="23449e4" data-element_type="widget" data-e-type="widget" data-widget_type="text-editor.default">
				<div class="elementor-widget-container">
									<p>Afrontar la separación requiere el desarrollo de todos los implicados y representa una transición para cada miembro de la familia. Me gustaría apoyarles a usted y a su(s) hijo(s) en esta transición para que la familia, aunque esté en hogares separados, pueda volver a sentirse como una familia y pueda vivir ésta de una nueva forma.</p><p><strong><a title="Una vez padres- siempre padres" href="https://praxis-sanavida.ch/es/angebot/einmal-eltern-immer-eltern/">Leer más</a></strong></p>								</div>
				</div>
					</div>
		</div>
				<div class="make-column-clickable-elementor elementor-column elementor-col-25 elementor-top-column elementor-element elementor-element-5157575 hoverspalte elementor-invisible" style="cursor: pointer;" data-column-clickable="https://praxis-sanavida.ch/angebot/innere-persoenlichkeitsanteile-ifs-internal-family-system/" data-column-clickable-blank="_self" data-id="5157575" data-element_type="column" data-e-type="column" data-settings="{&quot;background_background&quot;:&quot;classic&quot;,&quot;animation&quot;:&quot;fadeInDown&quot;}">
			<div class="elementor-widget-wrap elementor-element-populated">
						<div class="elementor-element elementor-element-23adaaa elementor-widget elementor-widget-heading" data-id="23adaaa" data-element_type="widget" data-e-type="widget" data-widget_type="heading.default">
				<div class="elementor-widget-container">
					<h2 class="elementor-heading-title elementor-size-default"><a href="https://praxis-sanavida.ch/es/angebot/innere-persoenlichkeitsanteile-ifs-internal-family-system/">IFS (Internal Family System) - Trabajo con rasgos de personalidad<br> </a></h2>				</div>
				</div>
				<div class="elementor-element elementor-element-5cbeb85 fadein_box elementor-widget elementor-widget-text-editor" data-id="5cbeb85" data-element_type="widget" data-e-type="widget" data-widget_type="text-editor.default">
				<div class="elementor-widget-container">
									<p>Este método ofrece respuestas a preguntas como qué ayuda a las personas a tratarse a sí mismas (y a los demás) de forma diferente y a promover y reforzar su propio bienestar. Estaré encantada de acompañarte en tu propio viaje de descubrimiento hacia tu interior y ayudarte a reconocer y cambiar las formas de pensar y comportar que te resultan estresantes.</p><p><strong><a title="IFS Arbeit mit Persönlichkeitsanteilen (IFS = Internal Family System)" href="https://praxis-sanavida.ch/es/angebot/innere-persoenlichkeitsanteile-ifs-internal-family-system/">Leer más</a></strong></p>								</div>
				</div>
					</div>
		</div>
				<div class="make-column-clickable-elementor elementor-column elementor-col-25 elementor-top-column elementor-element elementor-element-5eebc44 hoverspalte elementor-invisible" style="cursor: pointer;" data-column-clickable="https://praxis-sanavida.ch/angebot/ent-spannungsfeld-familie-schule/" data-column-clickable-blank="_self" data-id="5eebc44" data-element_type="column" data-e-type="column" data-settings="{&quot;background_background&quot;:&quot;classic&quot;,&quot;animation&quot;:&quot;fadeInDown&quot;,&quot;animation_delay&quot;:200}">
			<div class="elementor-widget-wrap elementor-element-populated">
						<div class="elementor-element elementor-element-65ecd8c elementor-widget elementor-widget-heading" data-id="65ecd8c" data-element_type="widget" data-e-type="widget" data-widget_type="heading.default">
				<div class="elementor-widget-container">
					<h2 class="elementor-heading-title elementor-size-default"><a href="https://praxis-sanavida.ch/es/angebot/ent-spannungsfeld-familie-schule/">Campo de (Des-) tensión  «familia – escuela»</a></h2>				</div>
				</div>
				<div class="elementor-element elementor-element-9431535 fadein_box elementor-widget elementor-widget-text-editor" data-id="9431535" data-element_type="widget" data-e-type="widget" data-widget_type="text-editor.default">
				<div class="elementor-widget-container">
									<ul><li><strong>Case Management</strong> en casos de ansiedad y/o rechazo escolar</li></ul><ul><li><strong>«Adiós estrés».</strong> Niños entre tensión y relajación (entrenamiento autógeno y sueño)</li></ul><ul><li><strong>«Cuando el alma sufre de dolor de estómago»</strong> - Niños con síntomas psicosomáticos y escuela</li></ul><p><strong><a title="IFS Arbeit mit Persönlichkeitsanteilen (IFS = Internal Family System)" href="https://praxis-sanavida.ch/es/angebot/ent-spannungsfeld-familie-schule/">Leer más</a></strong></p>								</div>
				</div>
					</div>
		</div>
					</div>
		</section>
				</div>

<p>Chronische Krankheit und Familie Systemische Beratung und Begleitung für Geschwister und Eltern mit einem chronisch erkrankten Kind. Unabhängig vom Krankheitsbild unterstütze ich Sie und Ihre Kinder in dieser besonderen Belastungssituation und begleite Sie im anspruchsvollen Prozess für die Neuorientierung und Anpassungsleistung im familiären Alltag. weiterlesen Einmal Eltern &#8211; immer Eltern Die Bewältigung der Trennung erfordert [&hellip;]</p>
